 15) in base 10?
-33
What is 444232 (base 6) in base 13?
13c4c
Convert -5c4 (base 14) to base 9.
-1520
Convert -238 (base 13) to base 16.
-181
1011111010010001 (base 2) to base 8
137221
What is -1565 (base 8) in base 14?
-473
Convert -6aa (base 14) to base 8.
-2456
Convert -11011010110000 (base 2) to base 6.
-144452
What is a40f (base 16) in base 12?
2037b
Convert 364 (base 13) to base 12.
411
What is -33321 (base 4) in base 16?
-3f9
-234023 (base 8) to base 5
-10024031
What is -571 (base 15) in base 13?
-739
207 (base 8) to base 6
343
-4199 (base 11) to base 3
-21121200
What is -14d8 (base 14) in base 9?
-5081
What is 8780 (base 11) in base 4?
2310333
352a (base 13) to base 8
16460
33c (base 16) to base 13
4b9
What is 876 (base 16) in base 8?
4166
1001000101011 (base 2) to base 14
19a3
What is 5133 (base 9) in base 11?
2905
What is 202 (base 12) in base 5?
2130
111 (base 12) to base 5
1112
Convert -2ab2 (base 15) to base 12.
-537b
Convert 74 (base 14) to base 13.
7b
What is -2300124 (base 5) in base 2?
-1001111011011000
What is -215 (base 12) in base 14?
-17b
158a (base 12) to base 2
100111111010
-10753 (base 8) to base 15
-155c
436 (base 10) to base 13
277
-1003 (base 5) to base 8
-200
Convert 26112 (base 7) to base 16.
1b06
Convert 2916 (base 15) to base 3.
110001210
Convert -27743 (base 8) to base 2.
-10111111100011
What is -31535 (base 6) in base 7?
-15362
a91 (base 13) to base 11
13a4
What is -12323110 (base 4) in base 14?
-a4a8
Convert 406 (base 9) to base 3.
110020
What is -96c (base 14) in base 2?
-11101000100
-413 (base 7) to base 5
-1311
-12032100 (base 4) to base 13
-b7a8
-73460 (base 8) to base 7
-154646
What is -8366 (base 12) in base 15?
-43a9
-b89 (base 16) to base 15
-d1d
1420 (base 8) to base 6
3344
Convert 1b56 (base 16) to base 15.
2118
-112214 (base 6) to base 7
-36643
What is 6888 (base 14) in base 5?
1040102
-21400 (base 5) to base 11
-1121
-4b02 (base 12) to base 4
-2010302
Convert -16153 (base 7) to base 15.
-1531
-ac2a (base 14) to base 2
-111010010000110
What is -1088 (base 13) in base 6?
-14405
Convert -610 (base 8) to base 13.
-242
Convert 1202020 (base 3) to base 2.
10011111011
Convert -3133 (base 4) to base 11.
-193
What is 6258 (base 9) in base 4?
1013231
3e7d (base 15) to base 5
412033
What is -11010101101 (base 2) in base 8?
-3255
Convert -33621 (base 7) to base 16.
-215d
What is 756 (base 11) in base 2?
1110001100
-9899 (base 12) to base 11
-11702
-a1c (base 14) to base 2
-11111000010
1122120101 (base 3) to base 2
111111011101011
Convert 3003000 (base 4) to base 13.
58b0
-168 (base 16) to base 5
-2420
Convert 893 (base 10) to base 8.
1575
Convert 1110011010 (base 2) to base 7.
2455
a11a (base 11) to base 16
348c
What is 5782 (base 9) in base 7?
15332
-2201021 (base 3) to base 9
-2637
1843 (base 12) to base 6
21323
-55411 (base 8) to base 2
-101101100001001
-50251 (base 6) to base 11
-4a45
Convert 117 (base 12) to base 11.
139
What is 1327 (base 9) in base 13?
5b9
What is 208a (base 14) in base 3?
21200210
Convert -1d2c (base 16) to base 14.
-2a16
-206 (base 16) to base 11
-431
Convert 2929 (base 15) to base 11.
6693
-2b7 (base 12) to base 2
-110101011
-847 (base 12) to base 16
-4b7
What is -1010110101110 (base 2) in base 11?
-4196
Convert 2a1 (base 11) to base 10.
353
What is -96 (base 16) in base 13?
-b7
185 (base 10) to base 4
2321
31a1 (base 11) to base 8
10201
What is -96ab (base 14) in base 5?
-1313043
Convert 9106 (base 10) to base 5.
242411
Convert -6908 (base 12) to base 5.
-333142
What is -16122 (base 10) in base 11?
-11127
What is -2320122 (base 4) in base 11?
-895a
30a3 (base 11) to base 7
14654
What is 886b (base 13) in base 7?
106305
Convert 120 (base 9) to base 3.
10200
-4244 (base 7) to base 14
-794
-3779 (base 11) to base 8
-11476
-5580 (base 11) to base 15
-229d
Convert 2930 (base 10) to base 14.
10d4
-101111100011001 (base 2) to base 5
-1234340
What is -11024 (base 10) in base 15?
-33ee
Convert 6615 (base 8) to base 11.
2674
What is 5a343 (base 11) in base 12?
42379
Convert -44756 (base 8) to base 10.
-18926
What is -179c (base 13) in base 14?
-13c9
Convert -120212 (base 3) to base 6.
-1552
Convert 864 (base 10) to base 2.
1101100000
232b (base 12) to base 8
7523
-3119 (base 10) to base 3
-11021112
db3 (base 14) to base 4
222101
Convert 3526 (base 8) to base 13.
b16
What is -41c (base 14) in base 15?
-390
Convert 115105 (base 8) to base 4.
21221011
-1d1 (base 16) to base 8
-721
What is -1244 (base 8) in base 7?
-1654
Convert 152a2 (base 11) to base 6.
244122
Convert 56 (base 7) to base 3.
1112
-1122101 (base 3) to base 14
-618
Convert 3cc8 (base 14) to base 10.
10760
What is -505 (base 12) in base 9?
-885
Convert -11012 (base 4) to base 13.
-1c1
Convert -1011001111010000 (base 2) to base 10.
-46032
What is 23322210 (base 4) in base 2?
1011111010100100
Convert -154 (base 10) to base 14.
-b0
-260 (base 16) to base 3
-211112
Convert -101202011 (base 3) to base 11.
-5982
What is 12644 (base 7) in base 5?
102123
Convert 418 (base 10) to base 15.
1cd
What is -3032 (base 6) in base 7?
-1643
What is 3086 (base 9) in base 10?
2265
Convert -8108 (base 9) to base 3.
-22010022
9149 (base 11) to base 2
10111101111001
Convert 1228 (base 9) to base 5.
12132
What is 1316 (base 12) in base 3?
2222200
1689 (base 15) to base 9
6583
-1211 (base 8) to base 5
-10044
189 (base 12) to base 10
249
Convert -5204 (base 8) to base 5.
-41232
15053 (base 6) to base 8
4551
Convert 3ab1 (base 13) to base 14.
30db
145 (base 16) to base 14
193
Convert -23220 (base 7) to base 12.
-3533
101631 (base 9) to base 7
340531
1c33b (base 13) to base 11
38759
138 (base 11) to base 6
430
-44548 (base 10) to base 4
-22320010
Convert 101 (base 3) to base 10.
10
-20836 (base 9) to base 3
-200221020
-201002 (base 3) to base 2
-1000000011
What is -412325 (base 6) in base 2?
-1000000010111101
What is 359 (base 14) in base 3?
220201
What is -635 (base 7) in base 3?
-102212
-1916 (base 11) to base 13
-1156
5305 (base 6) to base 5
14233
Convert -10961 (base 15) to base 11.
-36697
Convert -24432 (base 5) to base 12.
-10b7
What is -748a (base 11) in base 10?
-9899
What is -2312 (base 9) in base 16?
-6b0
Convert 103 (base 12) to base 3.
12110
What is -2320310 (base 5) in base 14?
-1140b
What is 2010120 (base 3) in base 9?
2116
Convert -3731 (base 11) to base 7.
-20132
12173 (base 8) to base 15
1848
1567 (base 8) to base 11
737
131432 (base 6) to base 9
17462
Convert 1085 (base 12) to base 8.
3445
184 (base 9) to base 6
421
What is -1100101010110101 (base 2) in base 16?
-cab5
Convert -3441 (base 6) to base 15.
-397
What is -23300 (base 4) in base 14?
-3ba
What is 13788 (base 13) in base 4?
20321133
Convert 1360 (base 7) to base 9.
651
What is -693 (base 14) in base 5?
-20210
-10421 (base 5) to base 15
-341
824 (base 14) to base 3
2012021
What is 1a1 (base 16) in base 15?
1cc
Convert -265 (base 10) to base 6.
-1121
34831 (base 9) to base 13
a795
Convert 47574 (base 8) to base 2.
100111101111100
-245 (base 15) to base 11
-429
-10110111001111 (base 2) to base 8
-26717
-100011101110101 (base 2) to base 9
-27075
-1768 (base 10) to base 12
-1034
Convert -21011 (base 3) to base 8.
-301
Convert -3222 (base 5) to base 11.
-368
What is -1a84 (base 11) in base 3?
-10121112
What is 70 (base 14) in base 7?
200
-232313 (base 4) to base 9
-4102
Convert 2012221 (base 4) to base 13.
3bcb
Convert 29cb (base 16) to base 11.
8047
-536b (base 16) to base 8
-51553
Convert -132 (base 11) to base 4.
-2130
What is 1743 (base 8) in base 16?
3e3
2cb9 (base 13) to base 16
19ae
2154 (base 7) to base 13
477
-111121121 (base 3) to base 8
-23305
What is -11100111001 (base 2) in base 13?
-ac3
Convert 101011100 (base 2) to base 14.
1ac
Convert 1640 (base 9) to base 12.
883
-1010000001101100 (base 2) to base 8
-120154
Convert -378 (base 12) to base 4.
-20030
Convert -10197 (base 10) to base 3.
-111222200
3126 (base 15) to base 10
10386
What is -10130 (base 4) in base 3?
-101112
746 (base 13) to base 4
103121
What is -332031 (base 4) in base 13?
-1a73
Convert 10312 (base 7) to base 13.
1219
-222 (base 10) to base 11
-192
Convert 1222111 (base 3) to base 10.
1444
What is 1310100 (base 4) in base 15?
2310
Convert 650 (base 8) to base 7.
1144
Convert 37a (base 12) to base 11.
439
C